{"id":151,"date":"2024-06-27T23:59:39","date_gmt":"2024-06-27T23:59:39","guid":{"rendered":"https:\/\/detaykaynak.com.tr\/?page_id=151"},"modified":"2024-10-12T20:41:44","modified_gmt":"2024-10-12T20:41:44","slug":"g-makinesi","status":"publish","type":"page","link":"https:\/\/detaykaynak.com.tr\/?page_id=151","title":{"rendered":"ARK KAYNAK MAK\u0130NES\u0130"},"content":{"rendered":"<p><strong><em>MIG KAYNAK MAK\u0130NES\u0130<\/em><\/strong><\/p><p>Visual MIG500 PRO, yinelemeli y\u00fcksek h\u0131zl\u0131 platform MIG kaynak makinesidir. Do\u011frudan g\u00f6r\u00fcnt\u00fcleme ve basit kullan\u0131m i\u00e7in 7&#8243; LCD kullan\u0131r. FPGA dijital i\u015flemcinin y\u00fcksek h\u0131zl\u0131 donan\u0131m devre hesaplamas\u0131 arac\u0131l\u0131\u011f\u0131yla birden fazla geli\u015fmi\u015f MIG i\u015fleminin at\u0131l\u0131m\u0131n\u0131 ger\u00e7ekle\u015ftirir. Ark \u015feklini hassas bir \u015fekilde kontrol etmek ve kaynak etkisini b\u00fcy\u00fck \u00f6l\u00e7\u00fcde iyile\u015ftirmek i\u00e7in\u00a0 yeni nesil y\u00fcksek frekansl\u0131 ana devre platformunu kullan\u0131r. Visual MIG500 Pro, yeni nesil teknolojiyi temsil edebilen bir kaynak \u00fcr\u00fcn\u00fcd\u00fcr.<\/p><p><\/p><p><\/p><figure class=\"wp-block-image size-full\"><img loading=\"lazy\" decoding=\"async\" width=\"564\" height=\"799\" src=\"https:\/\/detaykaynak.com.tr\/wp-content\/uploads\/2024\/10\/image-26.png\" alt=\"\" class=\"wp-image-312\" srcset=\"https:\/\/detaykaynak.com.tr\/wp-content\/uploads\/2024\/10\/image-26.png 564w, https:\/\/detaykaynak.com.tr\/wp-content\/uploads\/2024\/10\/image-26-212x300.png 212w\" sizes=\"(max-width: 564px) 100vw, 564px\" \/><\/figure><p><\/p><p><strong><em>TIG KAYNAK MAK\u0130NES\u0130<\/em><\/strong><\/p><p>ATIG-PAClll serisi, y\u00fcksek u\u00e7 DSP teknolojisine sahip tamamen dijital modellerdir, hem otomatik uygulama hem de manuel kaynak i\u00e7in uygundur. ATIG-PAC serisiyle kar\u015f\u0131la\u015ft\u0131r\u0131ld\u0131\u011f\u0131nda, kritik al\u00fcminyum kaynaklama s\u0131ras\u0131nda daha ince\/daha kal\u0131n malzeme i\u00e7in daha fazla esneklik sa\u011flayan geli\u015fmi\u015f dalga kontrol teknolojisi sunar. Ak\u0131ll\u0131 parametre ayarlamas\u0131, y\u00fcksek kaynak kalitesi gerektiren durumlar i\u00e7in en temiz, en derin penetrasyonu ve m\u00fckemmel kaynak sonucunu getirir.<\/p><p><\/p><p><\/p><figure class=\"wp-block-image size-full\"><img loading=\"lazy\" decoding=\"async\" width=\"433\" height=\"612\" src=\"https:\/\/detaykaynak.com.tr\/wp-content\/uploads\/2024\/10\/image-27.png\" alt=\"\" class=\"wp-image-313\" srcset=\"https:\/\/detaykaynak.com.tr\/wp-content\/uploads\/2024\/10\/image-27.png 433w, https:\/\/detaykaynak.com.tr\/wp-content\/uploads\/2024\/10\/image-27-212x300.png 212w\" sizes=\"(max-width: 433px) 100vw, 433px\" \/><\/figure><p><\/p><p><strong><em>TOZALTI KAYNAK MAK\u0130NES\u0130<\/em><\/strong><\/p><p>ASAW-ACDC serisi IGBT yumu\u015fak anahtarlama teknolojisini uygular, makul statik karakteristik ve sa\u011flam dinamik karakteristikten yararlan\u0131r. Karbon \u00e7eli\u011fi, paslanmaz \u00e7elik, \u0131s\u0131ya dayan\u0131kl\u0131 \u00e7elik ve ala\u015f\u0131ml\u0131 \u00e7elik kaynak yapabilir. AC kare dalgal\u0131 su alt\u0131 ark kaynak karakteristi\u011fine sahiptir.<br><br><\/p><figure class=\"wp-block-image size-full\"><img loading=\"lazy\" decoding=\"async\" width=\"945\" height=\"603\" src=\"https:\/\/detaykaynak.com.tr\/wp-content\/uploads\/2024\/10\/image-28.png\" alt=\"\" class=\"wp-image-314\" srcset=\"https:\/\/detaykaynak.com.tr\/wp-content\/uploads\/2024\/10\/image-28.png 945w, https:\/\/detaykaynak.com.tr\/wp-content\/uploads\/2024\/10\/image-28-300x191.png 300w, https:\/\/detaykaynak.com.tr\/wp-content\/uploads\/2024\/10\/image-28-768x490.png 768w, https:\/\/detaykaynak.com.tr\/wp-content\/uploads\/2024\/10\/image-28-600x383.png 600w\" sizes=\"(max-width: 945px) 100vw, 945px\" \/><\/figure>","protected":false},"excerpt":{"rendered":"<p>MIG KAYNAK MAK\u0130NES\u0130 Visual MIG500 PRO, yinelemeli y\u00fcksek h\u0131zl\u0131 platform MIG kaynak makinesidir. Do\u011frudan g\u00f6r\u00fcnt\u00fcleme ve basit kullan\u0131m i\u00e7in 7&#8243; LCD kullan\u0131r. FPGA dijital i\u015flemcinin y\u00fcksek h\u0131zl\u0131 donan\u0131m devre hesaplamas\u0131 arac\u0131l\u0131\u011f\u0131yla birden fazla geli\u015fmi\u015f MIG i\u015fleminin at\u0131l\u0131m\u0131n\u0131 ger\u00e7ekle\u015ftirir. Ark \u015feklini hassas bir \u015fekilde kontrol etmek ve kaynak etkisini b\u00fcy\u00fck \u00f6l\u00e7\u00fcde [&hellip;]<\/p>\n","protected":false},"author":1,"featured_media":0,"parent":0,"menu_order":0,"comment_status":"closed","ping_status":"closed","template":"","meta":{"_themeisle_gutenberg_block_has_review":false,"footnotes":""},"class_list":["post-151","page","type-page","status-publish","hentry"],"_links":{"self":[{"href":"https:\/\/detaykaynak.com.tr\/index.php?rest_route=\/wp\/v2\/pages\/151"}],"collection":[{"href":"https:\/\/detaykaynak.com.tr\/index.php?rest_route=\/wp\/v2\/pages"}],"about":[{"href":"https:\/\/detaykaynak.com.tr\/index.php?rest_route=\/wp\/v2\/types\/page"}],"author":[{"embeddable":true,"href":"https:\/\/detaykaynak.com.tr\/index.php?rest_route=\/wp\/v2\/users\/1"}],"replies":[{"embeddable":true,"href":"https:\/\/detaykaynak.com.tr\/index.php?rest_route=%2Fwp%2Fv2%2Fcomments&post=151"}],"version-history":[{"count":2,"href":"https:\/\/detaykaynak.com.tr\/index.php?rest_route=\/wp\/v2\/pages\/151\/revisions"}],"predecessor-version":[{"id":315,"href":"https:\/\/detaykaynak.com.tr\/index.php?rest_route=\/wp\/v2\/pages\/151\/revisions\/315"}],"wp:attachment":[{"href":"https:\/\/detaykaynak.com.tr\/index.php?rest_route=%2Fwp%2Fv2%2Fmedia&parent=151"}],"curies":[{"name":"wp","href":"https:\/\/api.w.org\/{rel}","templated":true}]}}