{"id":86,"date":"2024-06-27T21:27:30","date_gmt":"2024-06-27T21:27:30","guid":{"rendered":"https:\/\/detaykaynak.com.tr\/?page_id=86"},"modified":"2024-10-12T20:32:28","modified_gmt":"2024-10-12T20:32:28","slug":"e-makinesi","status":"publish","type":"page","link":"https:\/\/detaykaynak.com.tr\/?page_id=86","title":{"rendered":"LAZER MARKALAMA"},"content":{"rendered":"<p><\/p><p>Lazer Markalama teknolojisi ,\u00e7e\u015fitli malzemeler \u00fczerinden y\u00fcksek hassasiyetle kal\u0131c\u0131 i\u015faretleme yaparak, \u00fcretim s\u00fcre\u00e7lerinde izlenebilirlik ve kalite kontrol\u00fc art\u0131ran modern bir \u00e7\u00f6z\u00fcm sunar.<\/p><p><\/p><figure class=\"wp-block-image size-full\"><img loading=\"lazy\" decoding=\"async\" width=\"554\" height=\"554\" src=\"https:\/\/detaykaynak.com.tr\/wp-content\/uploads\/2024\/10\/images.jpeg\" alt=\"\" class=\"wp-image-302\" srcset=\"https:\/\/detaykaynak.com.tr\/wp-content\/uploads\/2024\/10\/images.jpeg 554w, https:\/\/detaykaynak.com.tr\/wp-content\/uploads\/2024\/10\/images-300x300.jpeg 300w, https:\/\/detaykaynak.com.tr\/wp-content\/uploads\/2024\/10\/images-150x150.jpeg 150w, https:\/\/detaykaynak.com.tr\/wp-content\/uploads\/2024\/10\/images-160x160.jpeg 160w\" sizes=\"(max-width: 554px) 100vw, 554px\" \/><\/figure>","protected":false},"excerpt":{"rendered":"<p>Lazer Markalama teknolojisi ,\u00e7e\u015fitli malzemeler \u00fczerinden y\u00fcksek hassasiyetle kal\u0131c\u0131 i\u015faretleme yaparak, \u00fcretim s\u00fcre\u00e7lerinde izlenebilirlik ve kalite kontrol\u00fc art\u0131ran modern bir \u00e7\u00f6z\u00fcm sunar.<\/p>\n","protected":false},"author":1,"featured_media":0,"parent":0,"menu_order":0,"comment_status":"closed","ping_status":"closed","template":"","meta":{"_themeisle_gutenberg_block_has_review":false,"footnotes":""},"class_list":["post-86","page","type-page","status-publish","hentry"],"_links":{"self":[{"href":"https:\/\/detaykaynak.com.tr\/index.php?rest_route=\/wp\/v2\/pages\/86"}],"collection":[{"href":"https:\/\/detaykaynak.com.tr\/index.php?rest_route=\/wp\/v2\/pages"}],"about":[{"href":"https:\/\/detaykaynak.com.tr\/index.php?rest_route=\/wp\/v2\/types\/page"}],"author":[{"embeddable":true,"href":"https:\/\/detaykaynak.com.tr\/index.php?rest_route=\/wp\/v2\/users\/1"}],"replies":[{"embeddable":true,"href":"https:\/\/detaykaynak.com.tr\/index.php?rest_route=%2Fwp%2Fv2%2Fcomments&post=86"}],"version-history":[{"count":2,"href":"https:\/\/detaykaynak.com.tr\/index.php?rest_route=\/wp\/v2\/pages\/86\/revisions"}],"predecessor-version":[{"id":304,"href":"https:\/\/detaykaynak.com.tr\/index.php?rest_route=\/wp\/v2\/pages\/86\/revisions\/304"}],"wp:attachment":[{"href":"https:\/\/detaykaynak.com.tr\/index.php?rest_route=%2Fwp%2Fv2%2Fmedia&parent=86"}],"curies":[{"name":"wp","href":"https:\/\/api.w.org\/{rel}","templated":true}]}}